{"id":1787,"date":"2022-12-04T02:07:25","date_gmt":"2022-12-04T02:07:25","guid":{"rendered":"https:\/\/bet-consultores.com\/?page_id=1787"},"modified":"2023-02-20T17:15:03","modified_gmt":"2023-02-20T17:15:03","slug":"equipos-exitosos","status":"publish","type":"page","link":"https:\/\/bet-consultores.com\/index.php\/equipos-exitosos\/","title":{"rendered":"Equipos exitosos"},"content":{"rendered":"\t\t<div data-elementor-type=\"wp-page\" data-elementor-id=\"1787\" class=\"elementor elementor-1787\">\n\t\t\t\t\t\t\t\t\t<section class=\"elementor-section elementor-top-section elementor-element elementor-element-c7adf53 elementor-section-height-min-height elementor-section-boxed elementor-section-height-default elementor-section-items-middle\" data-id=\"c7adf53\" data-element_type=\"section\" data-settings=\"{&quot;background_background&quot;:&quot;classic&quot;}\">\n\t\t\t\t\t\t<div class=\"elementor-container elementor-column-gap-default\">\n\t\t\t\t\t<div class=\"elementor-column elementor-col-100 elementor-top-column elementor-element elementor-element-1489ee0\" data-id=\"1489ee0\" data-element_type=\"column\">\n\t\t\t<div class=\"elementor-widget-wrap\">\n\t\t\t\t\t\t\t\t\t<\/div>\n\t\t<\/div>\n\t\t\t\t\t\t\t<\/div>\n\t\t<\/section>\n\t\t\t\t<section class=\"elementor-section elementor-top-section elementor-element elementor-element-81d35d6 elementor-section-boxed elementor-section-height-default elementor-section-height-default\" data-id=\"81d35d6\" data-element_type=\"section\">\n\t\t\t\t\t\t<div class=\"elementor-container elementor-column-gap-default\">\n\t\t\t\t\t<div class=\"elementor-column elementor-col-100 elementor-top-column elementor-element elementor-element-0079e92\" data-id=\"0079e92\" data-element_type=\"column\">\n\t\t\t<div class=\"elementor-widget-wrap elementor-element-populated\">\n\t\t\t\t\t\t\t\t<div class=\"elementor-element elementor-element-56bdfb6 elementor-widget elementor-widget-spacer\" data-id=\"56bdfb6\" data-element_type=\"widget\" data-widget_type=\"spacer.default\">\n\t\t\t\t<div class=\"elementor-widget-container\">\n\t\t\t<style>\/*! elementor - v3.8.0 - 30-10-2022 *\/\n.elementor-column .elementor-spacer-inner{height:var(--spacer-size)}.e-con{--container-widget-width:100%}.e-con-inner>.elementor-widget-spacer,.e-con>.elementor-widget-spacer{width:var(--container-widget-width,var(--spacer-size));-ms-flex-item-align:stretch;align-self:stretch;-ms-flex-negative:0;flex-shrink:0}.e-con-inner>.elementor-widget-spacer>.elementor-widget-container,.e-con-inner>.elementor-widget-spacer>.elementor-widget-container>.elementor-spacer,.e-con>.elementor-widget-spacer>.elementor-widget-container,.e-con>.elementor-widget-spacer>.elementor-widget-container>.elementor-spacer{height:100%}.e-con-inner>.elementor-widget-spacer>.elementor-widget-container>.elementor-spacer>.elementor-spacer-inner,.e-con>.elementor-widget-spacer>.elementor-widget-container>.elementor-spacer>.elementor-spacer-inner{height:var(--container-widget-height,var(--spacer-size))}<\/style>\t\t<div class=\"elementor-spacer\">\n\t\t\t<div class=\"elementor-spacer-inner\"><\/div>\n\t\t<\/div>\n\t\t\t\t<\/div>\n\t\t\t\t<\/div>\n\t\t\t\t<div class=\"elementor-element elementor-element-2c18bd4 elementor-widget elementor-widget-text-editor\" data-id=\"2c18bd4\" data-element_type=\"widget\" data-widget_type=\"text-editor.default\">\n\t\t\t\t<div class=\"elementor-widget-container\">\n\t\t\t<style>\/*! elementor - v3.8.0 - 30-10-2022 *\/\n.elementor-widget-text-editor.elementor-drop-cap-view-stacked .elementor-drop-cap{background-color:#818a91;color:#fff}.elementor-widget-text-editor.elementor-drop-cap-view-framed .elementor-drop-cap{color:#818a91;border:3px solid;background-color:transparent}.elementor-widget-text-editor:not(.elementor-drop-cap-view-default) .elementor-drop-cap{margin-top:8px}.elementor-widget-text-editor:not(.elementor-drop-cap-view-default) .elementor-drop-cap-letter{width:1em;height:1em}.elementor-widget-text-editor .elementor-drop-cap{float:left;text-align:center;line-height:1;font-size:50px}.elementor-widget-text-editor .elementor-drop-cap-letter{display:inline-block}<\/style>\t\t\t\t<h5><span style=\"color: #085272;\"><strong>\u00bfQU\u00c9 TIENE UN EQUIPO DE \u00c9XITO?<\/strong><\/span><\/h5><p><strong>Un Equipo de \u00c9xito, transforma la organizaci\u00f3n, genera resultados de alto impacto, lidera a otros equipos a la consecuci\u00f3n de sus metas, mantiene motivaci\u00f3n en todos sus miembros, fomenta la participaci\u00f3n y desarrollo de todo el equipo, teniendo como fin el crecimiento de la empresa y su desarrollo sostenible en el mercado.<\/strong><\/p><p><strong>Est\u00e1 compuesto por un grupo de ejecutivos que brillan como equipo, no personalmente; entienden que el verdadero \u00e9xito se logra en conjunto, que el \u00e9xito grupal se convierte en el \u00e9xito personal.<\/strong><\/p><p><strong>Un Equipo de \u00c9xito mantiene alta inteligencia emocional entre todos sus miembros, sostiene al que est\u00e1 en problemas, comparte conocimientos y trabaja en conjunto por el bienestar de la organizaci\u00f3n. <\/strong><\/p><p><strong>\u00a0<\/strong><\/p><h5><span style=\"color: #085272;\"><strong>\u00bfDESARROLLANDO EQUIPOS DE \u00c9XITO?<\/strong><\/span><\/h5><p><strong>Nuestro programa de desarrollo de EQUIPOS DE \u00c9XITO considera todos los elementos necesarios para llegar a conquistar el objetivo deseado por la organizaci\u00f3n.<\/strong><\/p><p><strong>Es un programa de dise\u00f1o, se ajusta a cada organizaci\u00f3n espec\u00edfica en funci\u00f3n de los requerimientos de la misma; la meta siempre ser\u00e1 desarrollar equipos que brinden un verdadero aporte al desarrollo de toda la organizaci\u00f3n. Para esto se eval\u00faa las necesidades espec\u00edficas de cada proceso que pueden ser revelaci\u00f3n de necesidades, establecimiento de prop\u00f3sitos espec\u00edficos de desarrollo, gesti\u00f3n estrat\u00e9gica, propagaci\u00f3n de programas, an\u00e1lisis situacional, ayuda, colaboraci\u00f3n, etc.<\/strong><\/p><p><strong>Para lograrlo se realiza un proceso de varios pasos, resumidos en el siguiente listado:<\/strong><\/p><p><strong>1.- Entendiendo los objetivos gerenciales<\/strong><\/p><p><strong>2.- Diagn\u00f3stico y definici\u00f3n de objetivos para el equipo<\/strong><\/p><p><strong>3.- Desarrollo de los elementos bases del proceso<\/strong><\/p><p><strong>4.- Talleres de desarrollo de habilidades<\/strong><\/p><p><strong>5.- Sesiones de trabajo<\/strong><\/p><p><strong>6.- Sesiones conversacionales<\/strong><\/p><p><strong>7.- Acompa\u00f1amiento In Situ<\/strong><\/p><p><strong>8.- Cierre e informe final del proceso<\/strong><\/p><p><strong>9.- Seguimiento<\/strong><\/p>\t\t\t\t\t\t<\/div>\n\t\t\t\t<\/div>\n\t\t\t\t\t<\/div>\n\t\t<\/div>\n\t\t\t\t\t\t\t<\/div>\n\t\t<\/section>\n\t\t\t\t<section class=\"elementor-section elementor-top-section elementor-element elementor-element-0b6e9fc elementor-section-height-min-height elementor-section-boxed elementor-section-height-default elementor-section-items-middle\" data-id=\"0b6e9fc\" data-element_type=\"section\" data-settings=\"{&quot;background_background&quot;:&quot;classic&quot;}\">\n\t\t\t\t\t\t\t<div class=\"elementor-background-overlay\"><\/div>\n\t\t\t\t\t\t\t<div class=\"elementor-container elementor-column-gap-default\">\n\t\t\t\t\t<div class=\"elementor-column elementor-col-33 elementor-top-column elementor-element elementor-element-1f6e910\" data-id=\"1f6e910\" data-element_type=\"column\">\n\t\t\t<div class=\"elementor-widget-wrap elementor-element-populated\">\n\t\t\t\t\t\t\t\t<div class=\"elementor-element elementor-element-5e5a8a1 elementor-widget elementor-widget-heading\" data-id=\"5e5a8a1\" data-element_type=\"widget\" data-widget_type=\"heading.default\">\n\t\t\t\t<div class=\"elementor-widget-container\">\n\t\t\t<style>\/*! elementor - v3.8.0 - 30-10-2022 *\/\n.elementor-heading-title{padding:0;margin:0;line-height:1}.elementor-widget-heading .elementor-heading-title[class*=elementor-size-]>a{color:inherit;font-size:inherit;line-height:inherit}.elementor-widget-heading .elementor-heading-title.elementor-size-small{font-size:15px}.elementor-widget-heading .elementor-heading-title.elementor-size-medium{font-size:19px}.elementor-widget-heading .elementor-heading-title.elementor-size-large{font-size:29px}.elementor-widget-heading .elementor-heading-title.elementor-size-xl{font-size:39px}.elementor-widget-heading .elementor-heading-title.elementor-size-xxl{font-size:59px}<\/style><h4 class=\"elementor-heading-title elementor-size-default\">Deseo m\u00e1s informaci\u00f3n<\/h4>\t\t<\/div>\n\t\t\t\t<\/div>\n\t\t\t\t<div class=\"elementor-element elementor-element-eece5f3 elementor-widget elementor-widget-button\" data-id=\"eece5f3\" data-element_type=\"widget\" data-widget_type=\"button.default\">\n\t\t\t\t<div class=\"elementor-widget-container\">\n\t\t\t\t\t<div class=\"elementor-button-wrapper\">\n\t\t\t<a href=\"https:\/\/bet-consultores.com\/index.php\/contact\/\" class=\"elementor-button-link elementor-button elementor-size-sm\" role=\"button\">\n\t\t\t\t\t\t<span class=\"elementor-button-content-wrapper\">\n\t\t\t\t\t\t<span class=\"elementor-button-text\">Haz clic aqu\u00ed<\/span>\n\t\t<\/span>\n\t\t\t\t\t<\/a>\n\t\t<\/div>\n\t\t\t\t<\/div>\n\t\t\t\t<\/div>\n\t\t\t\t\t<\/div>\n\t\t<\/div>\n\t\t\t\t<div class=\"elementor-column elementor-col-33 elementor-top-column elementor-element elementor-element-fbe440d\" data-id=\"fbe440d\" data-element_type=\"column\">\n\t\t\t<div class=\"elementor-widget-wrap\">\n\t\t\t\t\t\t\t\t\t<\/div>\n\t\t<\/div>\n\t\t\t\t<div class=\"elementor-column elementor-col-33 elementor-top-column elementor-element elementor-element-bc0ac08\" data-id=\"bc0ac08\" data-element_type=\"column\">\n\t\t\t<div class=\"elementor-widget-wrap elementor-element-populated\">\n\t\t\t\t\t\t\t\t<div class=\"elementor-element elementor-element-e8e0af9 elementor-widget elementor-widget-text-editor\" data-id=\"e8e0af9\" data-element_type=\"widget\" data-widget_type=\"text-editor.default\">\n\t\t\t\t<div class=\"elementor-widget-container\">\n\t\t\t\t\t\t\t<p><span style=\"color: #ffffff;\"><strong><em>\u201cLos Equipos de \u00c9xito gu\u00edan la organizaci\u00f3n hacia sus objetivos, mediante un trabajo conjunto que garantiza el bienestar y la participaci\u00f3n de cada uno de sus miembros, son la base de toda empresa moderna\u201d<\/em><\/strong><\/span><\/p><p><span style=\"color: #ffffff;\">BET Consultores<\/span><\/p>\t\t\t\t\t\t<\/div>\n\t\t\t\t<\/div>\n\t\t\t\t\t<\/div>\n\t\t<\/div>\n\t\t\t\t\t\t\t<\/div>\n\t\t<\/section>\n\t\t\t\t\t\t\t<\/div>\n\t\t","protected":false},"excerpt":{"rendered":"<p>\u00bfQU\u00c9 TIENE UN EQUIPO DE \u00c9XITO? Un Equipo de \u00c9xito, transforma la organizaci\u00f3n, genera resultados de alto impacto, lidera a otros equipos a la consecuci\u00f3n de sus metas, mantiene motivaci\u00f3n en todos sus miembros, fomenta la participaci\u00f3n y desarrollo de todo el equipo, teniendo como fin el crecimiento de la empresa y su desarrollo sostenible &hellip;<\/p>\n<p class=\"read-more\"> <a class=\"\" href=\"https:\/\/bet-consultores.com\/index.php\/equipos-exitosos\/\"> <span class=\"screen-reader-text\">Equipos exitosos<\/span> Leer m\u00e1s &raquo;<\/a><\/p>\n","protected":false},"author":1,"featured_media":0,"parent":0,"menu_order":0,"comment_status":"closed","ping_status":"closed","template":"","meta":{"site-sidebar-layout":"no-sidebar","site-content-layout":"page-builder","ast-global-header-display":"","ast-main-header-display":"","ast-hfb-above-header-display":"","ast-hfb-below-header-display":"","ast-hfb-mobile-header-display":"","site-post-title":"disabled","ast-breadcrumbs-content":"","ast-featured-img":"disabled","footer-sml-layout":"","theme-transparent-header-meta":"","adv-header-id-meta":"","stick-header-meta":"","header-above-stick-meta":"","header-main-stick-meta":"","header-below-stick-meta":""},"_links":{"self":[{"href":"https:\/\/bet-consultores.com\/index.php\/wp-json\/wp\/v2\/pages\/1787"}],"collection":[{"href":"https:\/\/bet-consultores.com\/index.php\/wp-json\/wp\/v2\/pages"}],"about":[{"href":"https:\/\/bet-consultores.com\/index.php\/wp-json\/wp\/v2\/types\/page"}],"author":[{"embeddable":true,"href":"https:\/\/bet-consultores.com\/index.php\/wp-json\/wp\/v2\/users\/1"}],"replies":[{"embeddable":true,"href":"https:\/\/bet-consultores.com\/index.php\/wp-json\/wp\/v2\/comments?post=1787"}],"version-history":[{"count":10,"href":"https:\/\/bet-consultores.com\/index.php\/wp-json\/wp\/v2\/pages\/1787\/revisions"}],"predecessor-version":[{"id":2152,"href":"https:\/\/bet-consultores.com\/index.php\/wp-json\/wp\/v2\/pages\/1787\/revisions\/2152"}],"wp:attachment":[{"href":"https:\/\/bet-consultores.com\/index.php\/wp-json\/wp\/v2\/media?parent=1787"}],"curies":[{"name":"wp","href":"https:\/\/api.w.org\/{rel}","templated":true}]}}