{"id":1619,"date":"2022-11-12T22:59:41","date_gmt":"2022-11-12T22:59:41","guid":{"rendered":"https:\/\/bet-consultores.com\/?page_id=1619"},"modified":"2023-02-20T17:13:41","modified_gmt":"2023-02-20T17:13:41","slug":"liderazgo","status":"publish","type":"page","link":"https:\/\/bet-consultores.com\/index.php\/liderazgo\/","title":{"rendered":"Liderazgo"},"content":{"rendered":"\t\t<div data-elementor-type=\"wp-page\" data-elementor-id=\"1619\" class=\"elementor elementor-1619\">\n\t\t\t\t\t\t\t\t\t<section class=\"elementor-section elementor-top-section elementor-element elementor-element-bf423a2 elementor-section-height-min-height elementor-section-boxed elementor-section-height-default elementor-section-items-middle\" data-id=\"bf423a2\" data-element_type=\"section\" data-settings=\"{&quot;background_background&quot;:&quot;classic&quot;}\">\n\t\t\t\t\t\t<div class=\"elementor-container elementor-column-gap-default\">\n\t\t\t\t\t<div class=\"elementor-column elementor-col-100 elementor-top-column elementor-element elementor-element-7604c29\" data-id=\"7604c29\" data-element_type=\"column\">\n\t\t\t<div class=\"elementor-widget-wrap\">\n\t\t\t\t\t\t\t\t\t<\/div>\n\t\t<\/div>\n\t\t\t\t\t\t\t<\/div>\n\t\t<\/section>\n\t\t\t\t<section class=\"elementor-section elementor-top-section elementor-element elementor-element-fa5ec71 elementor-section-boxed elementor-section-height-default elementor-section-height-default\" data-id=\"fa5ec71\" data-element_type=\"section\">\n\t\t\t\t\t\t<div class=\"elementor-container elementor-column-gap-default\">\n\t\t\t\t\t<div class=\"elementor-column elementor-col-100 elementor-top-column elementor-element elementor-element-aae2736\" data-id=\"aae2736\" data-element_type=\"column\">\n\t\t\t<div class=\"elementor-widget-wrap elementor-element-populated\">\n\t\t\t\t\t\t\t\t<div class=\"elementor-element elementor-element-356666c elementor-widget elementor-widget-spacer\" data-id=\"356666c\" data-element_type=\"widget\" data-widget_type=\"spacer.default\">\n\t\t\t\t<div class=\"elementor-widget-container\">\n\t\t\t<style>\/*! elementor - v3.8.0 - 30-10-2022 *\/\n.elementor-column .elementor-spacer-inner{height:var(--spacer-size)}.e-con{--container-widget-width:100%}.e-con-inner>.elementor-widget-spacer,.e-con>.elementor-widget-spacer{width:var(--container-widget-width,var(--spacer-size));-ms-flex-item-align:stretch;align-self:stretch;-ms-flex-negative:0;flex-shrink:0}.e-con-inner>.elementor-widget-spacer>.elementor-widget-container,.e-con-inner>.elementor-widget-spacer>.elementor-widget-container>.elementor-spacer,.e-con>.elementor-widget-spacer>.elementor-widget-container,.e-con>.elementor-widget-spacer>.elementor-widget-container>.elementor-spacer{height:100%}.e-con-inner>.elementor-widget-spacer>.elementor-widget-container>.elementor-spacer>.elementor-spacer-inner,.e-con>.elementor-widget-spacer>.elementor-widget-container>.elementor-spacer>.elementor-spacer-inner{height:var(--container-widget-height,var(--spacer-size))}<\/style>\t\t<div class=\"elementor-spacer\">\n\t\t\t<div class=\"elementor-spacer-inner\"><\/div>\n\t\t<\/div>\n\t\t\t\t<\/div>\n\t\t\t\t<\/div>\n\t\t\t\t<div class=\"elementor-element elementor-element-d9d280c elementor-widget elementor-widget-text-editor\" data-id=\"d9d280c\" data-element_type=\"widget\" data-widget_type=\"text-editor.default\">\n\t\t\t\t<div class=\"elementor-widget-container\">\n\t\t\t<style>\/*! elementor - v3.8.0 - 30-10-2022 *\/\n.elementor-widget-text-editor.elementor-drop-cap-view-stacked .elementor-drop-cap{background-color:#818a91;color:#fff}.elementor-widget-text-editor.elementor-drop-cap-view-framed .elementor-drop-cap{color:#818a91;border:3px solid;background-color:transparent}.elementor-widget-text-editor:not(.elementor-drop-cap-view-default) .elementor-drop-cap{margin-top:8px}.elementor-widget-text-editor:not(.elementor-drop-cap-view-default) .elementor-drop-cap-letter{width:1em;height:1em}.elementor-widget-text-editor .elementor-drop-cap{float:left;text-align:center;line-height:1;font-size:50px}.elementor-widget-text-editor .elementor-drop-cap-letter{display:inline-block}<\/style>\t\t\t\t<h5><strong><span style=\"color: #085272;\">\u00bfQUI\u00c9N ES UN L\u00cdDER COACH?<\/span><\/strong><\/h5><p><strong>El L\u00edder Coach es un Ejecutivo de alto impacto dentro de la organizaci\u00f3n, tanto en el campo personal como en los resultados que obtiene de su gesti\u00f3n.<\/strong><strong>\u00a0<\/strong><\/p><p><strong>Entre sus principales caracter\u00edsticas se encuentran las siguientes:<\/strong><\/p><p><strong>1.- Lidera a su grupo de ejecutivos<\/strong><\/p><p><strong>2- Tiene alta capacidad de inspirar el desarrollo de los dem\u00e1s<\/strong><\/p><p><strong>3.- Es un dem\u00f3crata, que involucra al equipo en las decisiones y gesti\u00f3n<\/strong><\/p><p><strong>4.- Tiene altos niveles de escucha y comunicaci\u00f3n de calidad<\/strong><\/p><p><strong>5.- Es resonante, con alta inteligencia emocional y social, entrega muy buen feedback a su equipo.<\/strong><\/p><p><strong>El L\u00edder Coach gu\u00eda a su equipo al \u00e9xito, tanto personal como grupal, desarrollando capacidades de liderazgo en todas las personas que forman parte del mismo.<\/strong><\/p><p>\u00a0<\/p><h5><strong><span style=\"color: #085272;\">\u00bfPROCESO L\u00cdDER COACH BO-521?<\/span><\/strong><\/h5><p><strong>El BO-521 es un proceso de alineaci\u00f3n del ejecutivo para convertirse en un verdadero L\u00edder Coach dentro de la organizaci\u00f3n, le aporta valores importantes de soft skills, respondiendo preguntas como:<\/strong><\/p><ul><li><strong>A qui\u00e9n sigo?<\/strong><\/li><li><strong>Qui\u00e9n quiero ser?<\/strong><\/li><li><strong>C\u00f3mo y con quien voy?<\/strong><\/li><li><strong>C\u00f3mo y qui\u00e9n es mi equipo?<\/strong><\/li><li><strong>C\u00f3mo apoyo a mi equipo?<\/strong><\/li><\/ul><p><strong>BO-521 es un proceso de coaching\/mentoring que va poco a poco guiando al ejecutivo a conseguir todas las caracter\u00edsticas que posee un L\u00edder Coach; parte desde una sesi\u00f3n exploratoria para conocer d\u00f3nde estamos?, y termina con todo el seguimiento necesario para verificar la consecuci\u00f3n de los objetivos planteados inicialmente.<\/strong><\/p><p><strong>El L\u00edder Coach, es el ejecutivo actual que no solamente busca su desarrollo personal, sino el de todo el equipo a su cargo; se convierte en un elemento fundamental para el desarrollo de la organizaci\u00f3n frente a todos los retos actuales.<\/strong><\/p><p><strong>\u00a0<\/strong><\/p><p>\u00a0<\/p>\t\t\t\t\t\t<\/div>\n\t\t\t\t<\/div>\n\t\t\t\t\t<\/div>\n\t\t<\/div>\n\t\t\t\t\t\t\t<\/div>\n\t\t<\/section>\n\t\t\t\t<section class=\"elementor-section elementor-top-section elementor-element elementor-element-8a35693 elementor-section-height-min-height elementor-section-boxed elementor-section-height-default elementor-section-items-middle\" data-id=\"8a35693\" data-element_type=\"section\" data-settings=\"{&quot;background_background&quot;:&quot;classic&quot;}\">\n\t\t\t\t\t\t\t<div class=\"elementor-background-overlay\"><\/div>\n\t\t\t\t\t\t\t<div class=\"elementor-container elementor-column-gap-default\">\n\t\t\t\t\t<div class=\"elementor-column elementor-col-33 elementor-top-column elementor-element elementor-element-f8681ce\" data-id=\"f8681ce\" data-element_type=\"column\">\n\t\t\t<div class=\"elementor-widget-wrap elementor-element-populated\">\n\t\t\t\t\t\t\t\t<div class=\"elementor-element elementor-element-55e1750 elementor-widget elementor-widget-heading\" data-id=\"55e1750\" data-element_type=\"widget\" data-widget_type=\"heading.default\">\n\t\t\t\t<div class=\"elementor-widget-container\">\n\t\t\t<style>\/*! elementor - v3.8.0 - 30-10-2022 *\/\n.elementor-heading-title{padding:0;margin:0;line-height:1}.elementor-widget-heading .elementor-heading-title[class*=elementor-size-]>a{color:inherit;font-size:inherit;line-height:inherit}.elementor-widget-heading .elementor-heading-title.elementor-size-small{font-size:15px}.elementor-widget-heading .elementor-heading-title.elementor-size-medium{font-size:19px}.elementor-widget-heading .elementor-heading-title.elementor-size-large{font-size:29px}.elementor-widget-heading .elementor-heading-title.elementor-size-xl{font-size:39px}.elementor-widget-heading .elementor-heading-title.elementor-size-xxl{font-size:59px}<\/style><h4 class=\"elementor-heading-title elementor-size-default\">deseo m\u00e1s informaci\u00f3n<\/h4>\t\t<\/div>\n\t\t\t\t<\/div>\n\t\t\t\t<div class=\"elementor-element elementor-element-37056cf elementor-widget elementor-widget-button\" data-id=\"37056cf\" data-element_type=\"widget\" data-widget_type=\"button.default\">\n\t\t\t\t<div class=\"elementor-widget-container\">\n\t\t\t\t\t<div class=\"elementor-button-wrapper\">\n\t\t\t<a href=\"https:\/\/bet-consultores.com\/index.php\/contact\/\" class=\"elementor-button-link elementor-button elementor-size-sm\" role=\"button\">\n\t\t\t\t\t\t<span class=\"elementor-button-content-wrapper\">\n\t\t\t\t\t\t<span class=\"elementor-button-text\">Haz clic aqu\u00ed<\/span>\n\t\t<\/span>\n\t\t\t\t\t<\/a>\n\t\t<\/div>\n\t\t\t\t<\/div>\n\t\t\t\t<\/div>\n\t\t\t\t\t<\/div>\n\t\t<\/div>\n\t\t\t\t<div class=\"elementor-column elementor-col-33 elementor-top-column elementor-element elementor-element-cb8fc14\" data-id=\"cb8fc14\" data-element_type=\"column\">\n\t\t\t<div class=\"elementor-widget-wrap\">\n\t\t\t\t\t\t\t\t\t<\/div>\n\t\t<\/div>\n\t\t\t\t<div class=\"elementor-column elementor-col-33 elementor-top-column elementor-element elementor-element-c0e39d8\" data-id=\"c0e39d8\" data-element_type=\"column\">\n\t\t\t<div class=\"elementor-widget-wrap elementor-element-populated\">\n\t\t\t\t\t\t\t\t<div class=\"elementor-element elementor-element-7b4c9f3 elementor-widget elementor-widget-text-editor\" data-id=\"7b4c9f3\" data-element_type=\"widget\" data-widget_type=\"text-editor.default\">\n\t\t\t\t<div class=\"elementor-widget-container\">\n\t\t\t\t\t\t\t<p><span style=\"color: #ffffff;\"><strong><em>\u201cEl L\u00edder Coach es el nuevo ejecutivo, capaz de generar altos niveles de desarrollo personal y profesional en todo su equipo de trabajo, es quien hoy en d\u00eda gu\u00eda a las empresas al \u00e9xito \u201c<\/em><\/strong><\/span><\/p><p><span style=\"color: #ffffff;\">BET Consultores<\/span><\/p>\t\t\t\t\t\t<\/div>\n\t\t\t\t<\/div>\n\t\t\t\t\t<\/div>\n\t\t<\/div>\n\t\t\t\t\t\t\t<\/div>\n\t\t<\/section>\n\t\t\t\t\t\t\t<\/div>\n\t\t","protected":false},"excerpt":{"rendered":"<p>\u00bfQUI\u00c9N ES UN L\u00cdDER COACH? El L\u00edder Coach es un Ejecutivo de alto impacto dentro de la organizaci\u00f3n, tanto en el campo personal como en los resultados que obtiene de su gesti\u00f3n.\u00a0 Entre sus principales caracter\u00edsticas se encuentran las siguientes: 1.- Lidera a su grupo de ejecutivos 2- Tiene alta capacidad de inspirar el desarrollo &hellip;<\/p>\n<p class=\"read-more\"> <a class=\"\" href=\"https:\/\/bet-consultores.com\/index.php\/liderazgo\/\"> <span class=\"screen-reader-text\">Liderazgo<\/span> Leer m\u00e1s &raquo;<\/a><\/p>\n","protected":false},"author":1,"featured_media":0,"parent":0,"menu_order":0,"comment_status":"closed","ping_status":"closed","template":"","meta":{"site-sidebar-layout":"no-sidebar","site-content-layout":"page-builder","ast-global-header-display":"","ast-main-header-display":"","ast-hfb-above-header-display":"","ast-hfb-below-header-display":"","ast-hfb-mobile-header-display":"","site-post-title":"disabled","ast-breadcrumbs-content":"","ast-featured-img":"disabled","footer-sml-layout":"","theme-transparent-header-meta":"","adv-header-id-meta":"","stick-header-meta":"","header-above-stick-meta":"","header-main-stick-meta":"","header-below-stick-meta":""},"_links":{"self":[{"href":"https:\/\/bet-consultores.com\/index.php\/wp-json\/wp\/v2\/pages\/1619"}],"collection":[{"href":"https:\/\/bet-consultores.com\/index.php\/wp-json\/wp\/v2\/pages"}],"about":[{"href":"https:\/\/bet-consultores.com\/index.php\/wp-json\/wp\/v2\/types\/page"}],"author":[{"embeddable":true,"href":"https:\/\/bet-consultores.com\/index.php\/wp-json\/wp\/v2\/users\/1"}],"replies":[{"embeddable":true,"href":"https:\/\/bet-consultores.com\/index.php\/wp-json\/wp\/v2\/comments?post=1619"}],"version-history":[{"count":10,"href":"https:\/\/bet-consultores.com\/index.php\/wp-json\/wp\/v2\/pages\/1619\/revisions"}],"predecessor-version":[{"id":2146,"href":"https:\/\/bet-consultores.com\/index.php\/wp-json\/wp\/v2\/pages\/1619\/revisions\/2146"}],"wp:attachment":[{"href":"https:\/\/bet-consultores.com\/index.php\/wp-json\/wp\/v2\/media?parent=1619"}],"curies":[{"name":"wp","href":"https:\/\/api.w.org\/{rel}","templated":true}]}}