{"id":1617,"date":"2022-11-12T22:59:25","date_gmt":"2022-11-12T22:59:25","guid":{"rendered":"https:\/\/bet-consultores.com\/?page_id=1617"},"modified":"2023-02-20T17:14:31","modified_gmt":"2023-02-20T17:14:31","slug":"coaching-ejecutivo","status":"publish","type":"page","link":"https:\/\/bet-consultores.com\/index.php\/coaching-ejecutivo\/","title":{"rendered":"Coaching ejecutivo"},"content":{"rendered":"\t\t<div data-elementor-type=\"wp-page\" data-elementor-id=\"1617\" class=\"elementor elementor-1617\">\n\t\t\t\t\t\t\t\t\t<section class=\"elementor-section elementor-top-section elementor-element elementor-element-a66034c elementor-section-height-min-height elementor-section-boxed elementor-section-height-default elementor-section-items-middle\" data-id=\"a66034c\" data-element_type=\"section\" data-settings=\"{&quot;background_background&quot;:&quot;classic&quot;}\">\n\t\t\t\t\t\t<div class=\"elementor-container elementor-column-gap-default\">\n\t\t\t\t\t<div class=\"elementor-column elementor-col-100 elementor-top-column elementor-element elementor-element-1c5e2fe\" data-id=\"1c5e2fe\" data-element_type=\"column\">\n\t\t\t<div class=\"elementor-widget-wrap\">\n\t\t\t\t\t\t\t\t\t<\/div>\n\t\t<\/div>\n\t\t\t\t\t\t\t<\/div>\n\t\t<\/section>\n\t\t\t\t<section class=\"elementor-section elementor-top-section elementor-element elementor-element-1b9ca88 elementor-section-boxed elementor-section-height-default elementor-section-height-default\" data-id=\"1b9ca88\" data-element_type=\"section\">\n\t\t\t\t\t\t<div class=\"elementor-container elementor-column-gap-default\">\n\t\t\t\t\t<div class=\"elementor-column elementor-col-100 elementor-top-column elementor-element elementor-element-b8b63bb\" data-id=\"b8b63bb\" data-element_type=\"column\">\n\t\t\t<div class=\"elementor-widget-wrap elementor-element-populated\">\n\t\t\t\t\t\t\t\t<div class=\"elementor-element elementor-element-e7bebdb elementor-widget elementor-widget-spacer\" data-id=\"e7bebdb\" data-element_type=\"widget\" data-widget_type=\"spacer.default\">\n\t\t\t\t<div class=\"elementor-widget-container\">\n\t\t\t<style>\/*! elementor - v3.8.0 - 30-10-2022 *\/\n.elementor-column .elementor-spacer-inner{height:var(--spacer-size)}.e-con{--container-widget-width:100%}.e-con-inner>.elementor-widget-spacer,.e-con>.elementor-widget-spacer{width:var(--container-widget-width,var(--spacer-size));-ms-flex-item-align:stretch;align-self:stretch;-ms-flex-negative:0;flex-shrink:0}.e-con-inner>.elementor-widget-spacer>.elementor-widget-container,.e-con-inner>.elementor-widget-spacer>.elementor-widget-container>.elementor-spacer,.e-con>.elementor-widget-spacer>.elementor-widget-container,.e-con>.elementor-widget-spacer>.elementor-widget-container>.elementor-spacer{height:100%}.e-con-inner>.elementor-widget-spacer>.elementor-widget-container>.elementor-spacer>.elementor-spacer-inner,.e-con>.elementor-widget-spacer>.elementor-widget-container>.elementor-spacer>.elementor-spacer-inner{height:var(--container-widget-height,var(--spacer-size))}<\/style>\t\t<div class=\"elementor-spacer\">\n\t\t\t<div class=\"elementor-spacer-inner\"><\/div>\n\t\t<\/div>\n\t\t\t\t<\/div>\n\t\t\t\t<\/div>\n\t\t\t\t<div class=\"elementor-element elementor-element-1627ebf elementor-widget elementor-widget-text-editor\" data-id=\"1627ebf\" data-element_type=\"widget\" data-widget_type=\"text-editor.default\">\n\t\t\t\t<div class=\"elementor-widget-container\">\n\t\t\t<style>\/*! elementor - v3.8.0 - 30-10-2022 *\/\n.elementor-widget-text-editor.elementor-drop-cap-view-stacked .elementor-drop-cap{background-color:#818a91;color:#fff}.elementor-widget-text-editor.elementor-drop-cap-view-framed .elementor-drop-cap{color:#818a91;border:3px solid;background-color:transparent}.elementor-widget-text-editor:not(.elementor-drop-cap-view-default) .elementor-drop-cap{margin-top:8px}.elementor-widget-text-editor:not(.elementor-drop-cap-view-default) .elementor-drop-cap-letter{width:1em;height:1em}.elementor-widget-text-editor .elementor-drop-cap{float:left;text-align:center;line-height:1;font-size:50px}.elementor-widget-text-editor .elementor-drop-cap-letter{display:inline-block}<\/style>\t\t\t\t<h4><span style=\"color: #085272;\"><strong>\u00bfQU\u00c9 ES COACHING?<\/strong><\/span><\/h4><p><strong>Coaching es un proceso de acompa\u00f1amiento en el cual un Coachee (cliente) es guiado por un Coach (consultor) para alcanzar sus metas y objetivos planteados para el futuro, tanto en el campo profesional como personal. \u00a0El Coach para este efecto utiliza diversas herramientas que permiten al Coachee establecer planes y acciones para alcanzar sus logros.<\/strong><\/p><p><strong>Existen varias corrientes especializadas para procesos de coaching, las m\u00e1s representativas son: a) Humanista, b) Pr\u00e1ctico, c) Ontol\u00f3gico y d) Sist\u00e9mico; es funci\u00f3n del Coach determinar lo m\u00e1s apropiado para los objetivos planteados por el cliente.<\/strong><\/p><p><strong>A estas corrientes, se suman competencias espec\u00edficas que todo coach debe dominar en su proceso de acompa\u00f1amiento, como Inteligencia Emocional, Programaci\u00f3n Neuroling\u00fc\u00edstica (PNL), herramientas de desarrollo personal y profesional, entre otras.<\/strong><\/p><p>\u00a0<\/p><h4><strong><span style=\"color: #085272;\">\u00bfCOACHING EJECUTIVO?<\/span><\/strong><\/h4><p><strong>En un proceso de Coaching Ejecutivo, la empresa contrata al Coach para realizar una intervenci\u00f3n en uno o varios ejecutivos, con el objetivo de alinear o\u00a0 establecer mejoras en determinados aspectos para un mejor desarrollo futuro.<\/strong><\/p><p><strong>En estos casos el Sponsor (empresa) conoce los temas que se van a tratar en el proceso de Coaching y al final del mismo recibe un informe con todos los logros obtenidos por parte de cada ejecutivo involucrado en el proceso.<\/strong><\/p><p><strong>Hay varios estudios que hacen referencia a los beneficios financieros del Coaching Ejecutivo, en general la mayor\u00eda coinciden en un retorno m\u00ednimo de 6 a 1 vs. La inversi\u00f3n realizada.<\/strong><\/p><p><strong>\u00a0<\/strong><\/p><p><strong>\u00a0<\/strong><\/p><p>\u00a0<\/p>\t\t\t\t\t\t<\/div>\n\t\t\t\t<\/div>\n\t\t\t\t\t<\/div>\n\t\t<\/div>\n\t\t\t\t\t\t\t<\/div>\n\t\t<\/section>\n\t\t\t\t<section class=\"elementor-section elementor-top-section elementor-element elementor-element-933a2f6 elementor-section-height-min-height elementor-section-boxed elementor-section-height-default elementor-section-items-middle\" data-id=\"933a2f6\" data-element_type=\"section\" data-settings=\"{&quot;background_background&quot;:&quot;classic&quot;}\">\n\t\t\t\t\t\t\t<div class=\"elementor-background-overlay\"><\/div>\n\t\t\t\t\t\t\t<div class=\"elementor-container elementor-column-gap-default\">\n\t\t\t\t\t<div class=\"elementor-column elementor-col-33 elementor-top-column elementor-element elementor-element-e571b39\" data-id=\"e571b39\" data-element_type=\"column\">\n\t\t\t<div class=\"elementor-widget-wrap elementor-element-populated\">\n\t\t\t\t\t\t\t\t<div class=\"elementor-element elementor-element-a08da09 elementor-widget elementor-widget-heading\" data-id=\"a08da09\" data-element_type=\"widget\" data-widget_type=\"heading.default\">\n\t\t\t\t<div class=\"elementor-widget-container\">\n\t\t\t<style>\/*! elementor - v3.8.0 - 30-10-2022 *\/\n.elementor-heading-title{padding:0;margin:0;line-height:1}.elementor-widget-heading .elementor-heading-title[class*=elementor-size-]>a{color:inherit;font-size:inherit;line-height:inherit}.elementor-widget-heading .elementor-heading-title.elementor-size-small{font-size:15px}.elementor-widget-heading .elementor-heading-title.elementor-size-medium{font-size:19px}.elementor-widget-heading .elementor-heading-title.elementor-size-large{font-size:29px}.elementor-widget-heading .elementor-heading-title.elementor-size-xl{font-size:39px}.elementor-widget-heading .elementor-heading-title.elementor-size-xxl{font-size:59px}<\/style><h4 class=\"elementor-heading-title elementor-size-default\">Deseo m\u00e1s informaci\u00f3n<\/h4>\t\t<\/div>\n\t\t\t\t<\/div>\n\t\t\t\t<div class=\"elementor-element elementor-element-b3e7603 elementor-widget elementor-widget-button\" data-id=\"b3e7603\" data-element_type=\"widget\" data-widget_type=\"button.default\">\n\t\t\t\t<div class=\"elementor-widget-container\">\n\t\t\t\t\t<div class=\"elementor-button-wrapper\">\n\t\t\t<a href=\"https:\/\/bet-consultores.com\/index.php\/contact\/\" class=\"elementor-button-link elementor-button elementor-size-sm\" role=\"button\">\n\t\t\t\t\t\t<span class=\"elementor-button-content-wrapper\">\n\t\t\t\t\t\t<span class=\"elementor-button-text\">Haz clic aqu\u00ed<\/span>\n\t\t<\/span>\n\t\t\t\t\t<\/a>\n\t\t<\/div>\n\t\t\t\t<\/div>\n\t\t\t\t<\/div>\n\t\t\t\t\t<\/div>\n\t\t<\/div>\n\t\t\t\t<div class=\"elementor-column elementor-col-33 elementor-top-column elementor-element elementor-element-87e65d0\" data-id=\"87e65d0\" data-element_type=\"column\">\n\t\t\t<div class=\"elementor-widget-wrap\">\n\t\t\t\t\t\t\t\t\t<\/div>\n\t\t<\/div>\n\t\t\t\t<div class=\"elementor-column elementor-col-33 elementor-top-column elementor-element elementor-element-ca8098d\" data-id=\"ca8098d\" data-element_type=\"column\">\n\t\t\t<div class=\"elementor-widget-wrap elementor-element-populated\">\n\t\t\t\t\t\t\t\t<div class=\"elementor-element elementor-element-ef8d1b1 elementor-widget elementor-widget-text-editor\" data-id=\"ef8d1b1\" data-element_type=\"widget\" data-widget_type=\"text-editor.default\">\n\t\t\t\t<div class=\"elementor-widget-container\">\n\t\t\t\t\t\t\t<p><span style=\"color: #ffffff;\"><strong><em>\u201cUn proceso de Coaching debe llevar al cliente a reconocer claramente sus falencias y debilidades, y, partiendo de all\u00ed, generar planes de acci\u00f3n retadores y valientes que le permitan alcanzar sus objetivos y desarrollarse como ser humano en todos los aspectos\u201d<\/em><\/strong><\/span><\/p><p><span style=\"color: #ffffff;\">BET Consultores<\/span><\/p>\t\t\t\t\t\t<\/div>\n\t\t\t\t<\/div>\n\t\t\t\t\t<\/div>\n\t\t<\/div>\n\t\t\t\t\t\t\t<\/div>\n\t\t<\/section>\n\t\t\t\t\t\t\t<\/div>\n\t\t","protected":false},"excerpt":{"rendered":"<p>\u00bfQU\u00c9 ES COACHING? Coaching es un proceso de acompa\u00f1amiento en el cual un Coachee (cliente) es guiado por un Coach (consultor) para alcanzar sus metas y objetivos planteados para el futuro, tanto en el campo profesional como personal. \u00a0El Coach para este efecto utiliza diversas herramientas que permiten al Coachee establecer planes y acciones para &hellip;<\/p>\n<p class=\"read-more\"> <a class=\"\" href=\"https:\/\/bet-consultores.com\/index.php\/coaching-ejecutivo\/\"> <span class=\"screen-reader-text\">Coaching ejecutivo<\/span> Leer m\u00e1s &raquo;<\/a><\/p>\n","protected":false},"author":1,"featured_media":0,"parent":0,"menu_order":0,"comment_status":"closed","ping_status":"closed","template":"","meta":{"site-sidebar-layout":"no-sidebar","site-content-layout":"page-builder","ast-global-header-display":"","ast-main-header-display":"","ast-hfb-above-header-display":"","ast-hfb-below-header-display":"","ast-hfb-mobile-header-display":"","site-post-title":"disabled","ast-breadcrumbs-content":"","ast-featured-img":"disabled","footer-sml-layout":"","theme-transparent-header-meta":"","adv-header-id-meta":"","stick-header-meta":"","header-above-stick-meta":"","header-main-stick-meta":"","header-below-stick-meta":""},"_links":{"self":[{"href":"https:\/\/bet-consultores.com\/index.php\/wp-json\/wp\/v2\/pages\/1617"}],"collection":[{"href":"https:\/\/bet-consultores.com\/index.php\/wp-json\/wp\/v2\/pages"}],"about":[{"href":"https:\/\/bet-consultores.com\/index.php\/wp-json\/wp\/v2\/types\/page"}],"author":[{"embeddable":true,"href":"https:\/\/bet-consultores.com\/index.php\/wp-json\/wp\/v2\/users\/1"}],"replies":[{"embeddable":true,"href":"https:\/\/bet-consultores.com\/index.php\/wp-json\/wp\/v2\/comments?post=1617"}],"version-history":[{"count":13,"href":"https:\/\/bet-consultores.com\/index.php\/wp-json\/wp\/v2\/pages\/1617\/revisions"}],"predecessor-version":[{"id":2149,"href":"https:\/\/bet-consultores.com\/index.php\/wp-json\/wp\/v2\/pages\/1617\/revisions\/2149"}],"wp:attachment":[{"href":"https:\/\/bet-consultores.com\/index.php\/wp-json\/wp\/v2\/media?parent=1617"}],"curies":[{"name":"wp","href":"https:\/\/api.w.org\/{rel}","templated":true}]}}